when 29537 is divided by 54?
53
Calculate the remainder when 125901 is divided by 48.
45
Calculate the remainder when 1120 is divided by 71.
55
What is the remainder when 6452 is divided by 1277?
67
What is the remainder when 5053 is divided by 45?
13
Calculate the remainder when 13078 is divided by 936.
910
Calculate the remainder when 62607 is divided by 1459.
1329
Calculate the remainder when 7749 is divided by 725.
499
What is the remainder when 335741 is divided by 61?
58
Calculate the remainder when 21994 is divided by 71.
55
Calculate the remainder when 24676 is divided by 6012.
628
What is the remainder when 4703 is divided by 2338?
27
Calculate the remainder when 5627845 is divided by 98.
97
What is the remainder when 71661 is divided by 71650?
11
Calculate the remainder when 38727 is divided by 103.
102
Calculate the remainder when 100680 is divided by 2876.
20
Calculate the remainder when 44895 is divided by 14960.
15
What is the remainder when 19757 is divided by 618?
599
Calculate the remainder when 242783 is divided by 521.
518
What is the remainder when 1455 is divided by 364?
363
What is the remainder when 20580 is divided by 6825?
105
What is the remainder when 480103 is divided by 227?
225
Calculate the remainder when 1174074 is divided by 573.
570
Calculate the remainder when 51083 is divided by 16.
11
What is the remainder when 76606 is divided by 42?
40
Calculate the remainder when 881 is divided by 90.
71
What is the remainder when 182022 is divided by 462?
456
What is the remainder when 6187 is divided by 397?
232
Calculate the remainder when 20230 is divided by 80.
70
Calculate the remainder when 3028 is divided by 206.
144
Calculate the remainder when 4907 is divided by 274.
249
Calculate the remainder when 412 is divided by 406.
6
Calculate the remainder when 710703 is divided by 186.
183
What is the remainder when 203878 is divided by 20?
18
Calculate the remainder when 147854 is divided by 32.
14
What is the remainder when 11647 is divided by 11523?
124
What is the remainder when 2846 is divided by 299?
155
Calculate the remainder when 30512 is divided by 317.
80
What is the remainder when 418 is divided by 386?
32
What is the remainder when 145524 is divided by 36?
12
Calculate the remainder when 20639 is divided by 2552.
223
What is the remainder when 194272 is divided by 8094?
16
Calculate the remainder when 30580 is divided by 7636.
36
Calculate the remainder when 46907 is divided by 9.
8
What is the remainder when 12572 is divided by 6266?
40
Calculate the remainder when 496760 is divided by 74.
72
What is the remainder when 67845 is divided by 234?
219
Calculate the remainder when 12081 is divided by 11946.
135
Calculate the remainder when 12198 is divided by 4025.
123
What is the remainder when 22548 is divided by 39?
6
Calculate the remainder when 5107 is divided by 1585.
352
What is the remainder when 3208 is divided by 331?
229
Calculate the remainder when 2837 is divided by 79.
72
Calculate the remainder when 309379 is divided by 281.
279
Calculate the remainder when 100002 is divided by 76.
62
Calculate the remainder when 37070 is divided by 2.
0
What is the remainder when 41234 is divided by 934?
138
What is the remainder when 2403 is divided by 491?
439
What is the remainder when 430348 is divided by 190?
188
What is the remainder when 40596 is divided by 31?
17
What is the remainder when 19287 is divided by 2159?
2015
What is the remainder when 34831 is divided by 471?
448
What is the remainder when 1100 is divided by 1041?
59
What is the remainder when 750204 is divided by 8?
4
What is the remainder when 1948 is divided by 8?
4
What is the remainder when 6053 is divided by 209?
201
Calculate the remainder when 8354962 is divided by 19.
16
What is the remainder when 2202 is divided by 156?
18
What is the remainder when 39465 is divided by 280?
265
What is the remainder when 8305 is divided by 8298?
7
Calculate the remainder when 34862 is divided by 44.
14
Calculate the remainder when 7550 is divided by 1875.
50
What is the remainder when 7361 is divided by 717?
191
Calculate the remainder when 13312 is divided by 177.
37
What is the remainder when 30123 is divided by 1253?
51
What is the remainder when 13866 is divided by 461?
36
Calculate the remainder when 466304 is divided by 155429.
17
Calculate the remainder when 54057 is divided by 99.
3
Calculate the remainder when 302 is divided by 185.
117
What is the remainder when 764806 is divided by 10?
6
What is the remainder when 43795 is divided by 6?
1
What is the remainder when 1218 is divided by 153?
147
Calculate the remainder when 3048 is divided by 1505.
38
What is the remainder when 49920 is divided by 2503?
2363
Calculate the remainder when 8110911 is divided by 226.
223
What is the remainder when 662624 is divided by 19?
18
What is the remainder when 1976 is divided by 975?
26
Calculate the remainder when 929 is divided by 100.
29
Calculate the remainder when 2732 is divided by 374.
114
What is the remainder when 173857 is divided by 21?
19
Calculate the remainder when 247775 is divided by 928.
927
Calculate the remainder when 524 is divided by 6.
2
What is the remainder when 88797 is divided by 50?
47
What is the remainder when 10942 is divided by 13?
9
Calculate the remainder when 7870 is divided by 519.
85
Calculate the remainder when 9747 is divided by 59.
12
Calculate the remainder when 12180341 is divided by 484.
481
Calculate the remainder when 52393 is divided by 25.
18
What is the remainder when 13423 is divided by 789?
10
What is the remainder when 58081 is divided by 226?
225
What is the remainder when 37780 is divided by 9361?
336
What is the remainder when 38078 is divided by 112?
110
Calculate the remainder when 2054 is divided by 54.
2
What is the remainder when 11577 is divided by 138?
123
Calculate the remainder when 260094 is divided by 510.
504
What is the remainder when 85141 is divided by 90?
1
What is the remainder when 13629 is divided by 567?
21
What is the remainder when 12133 is divided by 37?
34
What is the remainder when 863074 is divided by 287689?
7
Calculate the remainder when 6242 is divided by 419.
376
Calculate the remainder when 1110 is divided by 119.
39
Calculate the remainder when 15957 is divided by 423.
306
What is the remainder when 226852 is divided by 828?
808
What is the remainder when 18472 is divided by 1672?
80
Calculate the remainder when 19817 is divided by 27.
26
Calculate the remainder when 158450 is divided by 18.
14
What is the remainder when 8095862 is divided by 317?
316
Calculate the remainder when 183918 is divided by 39.
33
What is the remainder when 7884 is divided by 33?
30
Calculate the remainder when 277186 is divided by 18479.
1
Calculate the remainder when 31325 is divided by 1160.
5
Calculate the remainder when 9161 is divided by 324.
89
What is the remainder when 38914 is divided by 46?
44
What is the remainder when 2965 is divided by 45?
40
Calculate the remainder when 1068 is divided by 531.
6
What is the remainder when 2295 is divided by 19?
15
Calculate the remainder when 8064 is divided by 580.
524
What is the remainder when 692 is divided by 175?
167
What is the remainder when 48270 is divided by 1304?
22
Calculate the remainder when 1183465 is divided by 1292.
1285
Calculate the remainder when 10327 is divided by 279.
4
Calculate the remainder when 349 is divided by 279.
70
Calculate the remainder when 475863 is divided by 16.
7
What is the remainder when 662605 is divided by 14?
13
What is the remainder when 2194573 is divided by 8?
5
What is the remainder when 2134 is divided by 192?
22
What is the remainder when 877822 is divided by 34?
10
What is the remainder when 79812 is divided by 14?
12
Calculate the remainder when 129803 is divided by 8652.
23
What is the remainder when 46730 is divided by 1017?
965
Calculate the remainder when 18957 is divided by 1829.
667
Calculate the remainder when 14862 is divided by 2689.
1417
Calculate the remainder when 9957 is divided by 168.
45
Calculate the remainder when 21500 is divided by 136.
12
Calculate the remainder when 10675 is divided by 21.
7
What is the remainder when 9232 is divided by 81?
79
What is the remainder wh